{"id":703,"date":"2024-08-27T13:42:46","date_gmt":"2024-08-27T18:42:46","guid":{"rendered":"https:\/\/www.innovacionperu.com\/tienda\/?post_type=product&#038;p=703"},"modified":"2024-08-27T23:37:04","modified_gmt":"2024-08-28T04:37:04","slug":"memoria-ram-tg-de-8gb-ddr3-1600mhz-1-5v","status":"publish","type":"product","link":"https:\/\/www.innovacionperu.com\/tienda\/index.php\/producto\/memoria-ram-tg-de-8gb-ddr3-1600mhz-1-5v\/","title":{"rendered":"Memoria RAM TG Elite Plus | 8GB | DDR3 | 1600MHz | 1.5V"},"content":{"rendered":"<p>Para la familia DDR3 Elite Plus de TeamGroup mantiene el principio de calidad coherente e insiste en la implementaci\u00f3n de circuitos integrados de alta calidad, adem\u00e1s de estrictos procesos de producci\u00f3n y fabricaci\u00f3n junto con rigurosos procedimientos de comprobaci\u00f3n.<\/p>\n<p>Adem\u00e1s, se adhiere a las normativas del JEDEC (del ingl\u00e9s Joint Electron Device Engineering Council) en el proceso de producci\u00f3n, a fin de proporcionar a los usuarios una excelente calidad para desarrollar debidamente el rendimiento potencial del sistema inform\u00e1tico. Sumado a ello, Elite Plus de TeamGroup proporciona diversas opciones de frecuencia y capacidad a fin de satisfacer los diferentes niveles de requisitos de los consumidores en uso.<\/p>\n","protected":false},"excerpt":{"rendered":"<ul>\n<li>Precio incluye I.G.V.<\/li>\n<li>Precio sujeto a modificaciones sin previo aviso.<\/li>\n<li>Precio no incluye el costo de env\u00edo.<\/li>\n<\/ul>\n","protected":false},"featured_media":706,"comment_status":"open","ping_status":"closed","template":"","meta":{"jetpack_post_was_ever_published":false},"pwb-brand":[62],"product_cat":[61],"product_tag":[],"jetpack_sharing_enabled":true,"brands":[{"id":62,"name":"TeamGroup","slug":"teamgroup"}],"_links":{"self":[{"href":"https:\/\/www.innovacionperu.com\/tienda\/index.php\/wp-json\/wp\/v2\/product\/703"}],"collection":[{"href":"https:\/\/www.innovacionperu.com\/tienda\/index.php\/wp-json\/wp\/v2\/product"}],"about":[{"href":"https:\/\/www.innovacionperu.com\/tienda\/index.php\/wp-json\/wp\/v2\/types\/product"}],"replies":[{"embeddable":true,"href":"https:\/\/www.innovacionperu.com\/tienda\/index.php\/wp-json\/wp\/v2\/comments?post=703"}],"wp:featuredmedia":[{"embeddable":true,"href":"https:\/\/www.innovacionperu.com\/tienda\/index.php\/wp-json\/wp\/v2\/media\/706"}],"wp:attachment":[{"href":"https:\/\/www.innovacionperu.com\/tienda\/index.php\/wp-json\/wp\/v2\/media?parent=703"}],"wp:term":[{"taxonomy":"pwb-brand","embeddable":true,"href":"https:\/\/www.innovacionperu.com\/tienda\/index.php\/wp-json\/wp\/v2\/pwb-brand?post=703"},{"taxonomy":"product_cat","embeddable":true,"href":"https:\/\/www.innovacionperu.com\/tienda\/index.php\/wp-json\/wp\/v2\/product_cat?post=703"},{"taxonomy":"product_tag","embeddable":true,"href":"https:\/\/www.innovacionperu.com\/tienda\/index.php\/wp-json\/wp\/v2\/product_tag?post=703"}],"curies":[{"name":"wp","href":"https:\/\/api.w.org\/{rel}","templated":true}]}}