{"id":998,"date":"2025-01-01T19:22:12","date_gmt":"2025-01-02T00:22:12","guid":{"rendered":"https:\/\/www.innovacionperu.com\/tienda\/?post_type=product&#038;p=998"},"modified":"2025-02-26T10:22:13","modified_gmt":"2025-02-26T15:22:13","slug":"camara-8mp-smart-hybrid-light-ir-20m-hk-ds2ce76u0t-lpf","status":"publish","type":"product","link":"https:\/\/www.innovacionperu.com\/tienda\/index.php\/producto\/camara-8mp-smart-hybrid-light-ir-20m-hk-ds2ce76u0t-lpf\/","title":{"rendered":"C\u00e1mara 8MP | Smart Hybrid Light | IR 20M | HK-DS2CE76U0T-LPF"},"content":{"rendered":"<ul>\n<li>Im\u00e1genes de alta calidad con resoluci\u00f3n 4K, 3840 \u00d7 2160.<\/li>\n<li>Distancia IR de hasta 20m para im\u00e1genes nocturnas brillantes.<\/li>\n<li>Distancia de luz blanca de hasta 20m para im\u00e1genes nocturnas brillantes.<\/li>\n<li>Un puerto para cuatro se\u00f1ales conmutables (TVI\/AHD\/CVI\/CVBS).<\/li>\n<li>Smart-Hybrid Light, optimice su seguridad con opciones de iluminaci\u00f3n flexibles.<\/li>\n<\/ul>\n","protected":false},"excerpt":{"rendered":"<p><span style=\"color: #ff0000;\"><strong><u><a style=\"color: #ff0000;\" href=\"https:\/\/www.innovacionperu.com\/tienda\/wp-content\/uploads\/2025\/01\/HK-DS2CE76U0T-LPF.pdf\" target=\"_blank\" rel=\"noopener\">Ver Ficha T\u00e9cnica<\/a><\/u><\/strong><\/span><\/p>\n<p>&nbsp;<\/p>\n<ul>\n<li>Precio incluye I.G.V.<\/li>\n<li>Precio sujeto a modificaciones sin previo aviso.<\/li>\n<li>Precio no incluye el costo de env\u00edo.<\/li>\n<\/ul>\n","protected":false},"featured_media":1013,"comment_status":"open","ping_status":"closed","template":"","meta":{"jetpack_post_was_ever_published":false},"pwb-brand":[42],"product_cat":[71],"product_tag":[],"jetpack_sharing_enabled":true,"brands":[{"id":42,"name":"Hikvision","slug":"hikvision"}],"_links":{"self":[{"href":"https:\/\/www.innovacionperu.com\/tienda\/index.php\/wp-json\/wp\/v2\/product\/998"}],"collection":[{"href":"https:\/\/www.innovacionperu.com\/tienda\/index.php\/wp-json\/wp\/v2\/product"}],"about":[{"href":"https:\/\/www.innovacionperu.com\/tienda\/index.php\/wp-json\/wp\/v2\/types\/product"}],"replies":[{"embeddable":true,"href":"https:\/\/www.innovacionperu.com\/tienda\/index.php\/wp-json\/wp\/v2\/comments?post=998"}],"wp:featuredmedia":[{"embeddable":true,"href":"https:\/\/www.innovacionperu.com\/tienda\/index.php\/wp-json\/wp\/v2\/media\/1013"}],"wp:attachment":[{"href":"https:\/\/www.innovacionperu.com\/tienda\/index.php\/wp-json\/wp\/v2\/media?parent=998"}],"wp:term":[{"taxonomy":"pwb-brand","embeddable":true,"href":"https:\/\/www.innovacionperu.com\/tienda\/index.php\/wp-json\/wp\/v2\/pwb-brand?post=998"},{"taxonomy":"product_cat","embeddable":true,"href":"https:\/\/www.innovacionperu.com\/tienda\/index.php\/wp-json\/wp\/v2\/product_cat?post=998"},{"taxonomy":"product_tag","embeddable":true,"href":"https:\/\/www.innovacionperu.com\/tienda\/index.php\/wp-json\/wp\/v2\/product_tag?post=998"}],"curies":[{"name":"wp","href":"https:\/\/api.w.org\/{rel}","templated":true}]}}